)?
96
Let r be 10/3*(-15)/(-10). Suppose -2*v - x = -2*x - 264, 0 = 3*x. Calculate the remainder when v/r - 0 - 4/10 is divided by 14.
12
Let g be (24/60)/((-4)/(-20)). Suppose -3*j - f = -3*f - 314, -g*j + 2*f + 212 = 0. Calculate the remainder when j is divided by 15.
12
Suppose -2*a + 3*c + 4 = -a, 4*a = -5*c + 16. Suppose -a*w + 5*w - 15 = 0. Let r(x) = 2*x + 3. What is the remainder when w is divided by r(4)?
4
Calculate the remainder when 199 is divided by 18 + -5 + 23 - 13.
15
Let c(f) = -384*f - 1506. What is the remainder when c(-6) is divided by 394?
10
Let y = 783 - 622. Suppose 70 = -y*d + 166*d. Calculate the remainder when 179 is divided by d.
11
Let g(d) = 2*d - 18. Let p be g(25). Calculate the remainder when 239 is divided by (p/5)/((-50)/(-125)).
15
Suppose 0 = 2*m - 0 + 4. What is the remainder when (-14)/(-21) - -46*m/(-6) is divided by 7?
2
Let r = 103 + 27. Let d = 28 - 20. Suppose j - 3*s = 48, -2*j = d*s - 6*s - 56. What is the remainder when r is divided by j?
31
Suppose 0 = -21*y + 12*y + 6156. Suppose -2*f + 6*f - 690 = -u, -2*u - y = -4*f. What is the remainder when f is divided by 25?
22
Let a be 14/6 - ((-5)/(-15) - 0). Suppose -4*r + 3*r = -a*r. Suppose r*k + 7*k - 210 = 0. What is the remainder when k is divided by 8?
6
Let s = 7369 - 5324. Calculate the remainder when s is divided by 89.
87
Let z = -17 - -39. Suppose -5*l = -7*l + z. Calculate the remainder when 10*(-2)/8*(11 + -23) is divided by l.
8
Let j(a) = -a + 6. Let y be j(-6). Suppose -4*w + 478 = -h, -h + y - 133 = -w. Let n = -73 + w. What is the remainder when 321 is divided by n?
45
Let g be (4 - -58)*(-204)/24. Calculate the remainder when 183 is divided by g/(-155) + (-2)/5.
0
What is the remainder when -33 - 48056/(-48) - (5/(-6) + 1) is divided by 40?
8
Suppose 9*j + 7*j = 4128. Suppose -11*b + j = -479. Calculate the remainder when 331 is divided by b.
63
Let s(m) = -m**3 + 7*m**2 + 9*m - 11. Let n be s(9). Let j = 158 + n. Suppose 25*v = 27*v - 46. What is the remainder when j is divided by v?
20
Let b(d) = -232*d - 4747. What is the remainder when 1998 is divided by b(-21)?
123
Let h(r) = 6*r**3 - r**2 + r - 2. Let w be h(1). Suppose 0 = -0*d - 2*d - 4*y + 24, w*d + 5*y - 54 = 0. Calculate the remainder when d is divided by 6.
4
Suppose b - 3 = 59*d - 54*d, -b - 5*d = -53. Let k = -205 - -297. Calculate the remainder when k is divided by b.
8
Let a = -14532 + 14831. What is the remainder when 948 is divided by a?
51
Let a(j) = 5*j - 86. Let u(m) = -10*m + 167. Let g(p) = -5*a(p) - 3*u(p). Calculate the remainder when g(28) is divided by 7.
6
Let o be (-36)/9*(-2 + 3). What is the remainder when 31*(-11)/o + 33/(-132) is divided by 24?
13
Let l = 2389 - 2380. Calculate the remainder when 1786 is divided by l.
4
Suppose 2*a - 630 = -2*s, -4*s + 951 + 310 = 3*a. What is the remainder when s is divided by 1?
0
Let h(x) = -2*x**3 + 37*x**2 + 17*x + 37. Suppose 0 = 9*u - 7*u - 38. Let n be h(u). Calculate the remainder when 111 is divided by 285/10 + ((-2)/4)/n.
24
Let n(q) = -9*q - 24. Let w(i) = -i - 1. Let j(u) = -n(u) + 4*w(u). Let s be j(10). Let d = s + -60. What is the remainder when 27 is divided by d?
7
Let k = 76 + -44. Suppose -275*n + 521*n + 12363 = 285*n. What is the remainder when n is divided by k?
29
Let l = 1548 + -1473. What is the remainder when 2844 is divided by l?
69
Let b = 2177 - 2118. Let y(q) = q**3 + 21*q**2 + 19*q + 77. What is the remainder when y(-18) is divided by b?
58
Suppose 5*o = -4*l + 2319 - 2250, -4*l + 19 = -5*o. What is the remainder when 469 is divided by l?
7
Suppose 4*m = 5*k - 210, 42 = k - 2*m + 6*m. Calculate the remainder when 82 is divided by k.
40
Suppose 0 = 5*q - 7*q + 792. Suppose -3*k - b = -208 - 91, -4*k = 4*b - q. Let u = 156 - k. Calculate the remainder when u is divided by 15.
11
Let g be 1 + -8 + 3 - -6. Suppose 5*o - w = -5*w + 129, g*w = 4*o - 98. Calculate the remainder when (-2)/1 - -1 - -44 is divided by o.
18
Let i(t) = 3*t**2 + 18*t - 10. Calculate the remainder when ((-12)/8)/(9/(-132)) is divided by i(-7).
0
Let h = -6450 + 6571. What is the remainder when 1418 is divided by h?
87
Suppose n = 3*c - 7, -8 = -3*n - 2*c + 4. Suppose 4*f + z - 2123 = -n*z, -2 = -2*z. Calculate the remainder when f is divided by 19.
17
What is the remainder when ((-280768)/(-184) - -3) + -3 + 213/69 is divided by 34?
33
Suppose 3*s + 62 = l - 55, -5*s = -2*l + 233. Suppose -6*u = -l - 54. What is the remainder when 92 is divided by u?
8
Let x = 25 + -14. Let s be 3 + -3*(0 - 6). Suppose 6*f + s = 135. What is the remainder when f is divided by x?
8
Let k = -12 + 16. Suppose 95 - 15 = k*r. What is the remainder when (-11 + 7)*(-66)/8 is divided by r?
13
Suppose 13*r = 5*w + 10*r + 5, -5*r + 35 = 5*w. Suppose p + p = -w*x + 40, 40 = x + 5*p. What is the remainder when (-29)/((1 - 0)*-1) is divided by x?
14
Suppose 3*q - 42 = q. Let z be 7 + 286 - (-2)/(0 + 2). Suppose -62 + z = 29*n. Calculate the remainder when q is divided by n.
5
Let i(u) = 2*u**3 + 61*u**2 - 54*u - 96. What is the remainder when i(-31) is divided by 78?
71
Suppose 2*a = -2*c + 48, -a - a + 42 = 5*c. Let f(o) = 6*o - 36. Let r be f(23). What is the remainder when (r - -1)*1 + -3 is divided by a?
22
Suppose -40*p + 6 = -34*p. Let a(l) = 2*l - 20. Let z(y) = -4*y + 41. Let n(r) = -13*a(r) - 6*z(r). What is the remainder when n(6) is divided by p?
0
Suppose -41*r + 33*r + 2888 = -0*r. What is the remainder when r is divided by 26?
23
Let u(r) = -126*r. Let z be u(13). Let k be z/65 + 1/5. Calculate the remainder when 372/5 - (-1 - 35/k) is divided by 25.
24
Suppose -25*l + 28*l = 69. Let j = 141 + -208. Calculate the remainder when (j/(-1))/(22/22) is divided by l.
21
Let s = -676 + 681. Let h(j) = -j**3 + 6*j**2 - 7*j + 4. Let c be h(4). Suppose 2*d = -2*d + c. What is the remainder when s is divided by d?
1
Let j = 19 - -663. Suppose 34*y - j = 12*y. Calculate the remainder when 306 is divided by y.
27
Suppose 0 = -17*p + 15*p + 2*u + 66, 0 = 5*p + 2*u - 151. Let n be (-4)/(-1) + -3 - 117. Calculate the remainder when p is divided by 12/(-42) - n/14.
7
Suppose -4*n - h = -63, -18*n + h + 17 = -17*n. Calculate the remainder when 40 is divided by n.
8
Let x(q) = -2*q - 12. Let g be (3 - 6 - -2)*4. Let l be x(g). What is the remainder when l/(-6) - -2*340/24 is divided by 5?
4
What is the remainder when 628 is divided by (-760)/(-4) + ((-4)/(-10) - 117/(-195))?
55
Let q = 6973 + -6938. Calculate the remainder when q is divided by 21.
14
Let l(p) = p**3 - 22*p**2 + 50*p + 39. Let w be l(20). Suppose -3*c = -4*i + 161 + 44, -5*i + w = 2*c. Calculate the remainder when 103 is divided by i.
5
Suppose -5*n + 48 - 13 = 0. Suppose 2*u + 35 = n*u. What is the remainder when 1/(-3) + (-710)/(-15) is divided by u?
5
Let f(q) = q**3 + 52*q**2 - 526*q - 34. Calculate the remainder when f(10) is divided by 72.
42
Let b = 36 - 15. Suppose 50212*x = 50132*x + 4560. Calculate the remainder when x is divided by b.
15
Let k = -1643 - -1693. What is the remainder when 239 is divided by k?
39
Suppose 3*g + 3*r = 6*r + 321, 4*g - 423 = -r. Let v = 71 - 65. What is the remainder when g is divided by v?
4
Suppose -19*m + 27 + 49 = 0. Suppose m*f = 120 - 4. Calculate the remainder when 82 is divided by f.
24
Let w(a) = -4*a + 0*a**2 - a**2 + 5*a + 13 + 24. Let v be w(0). Let q = 28 + v. Calculate the remainder when q is divided by 17.
14
Let s(l) = l**2 - 18*l + 28. Let h(y) = y**3 - 8*y**2 + 2*y + 2. Let m be h(8). Calculate the remainder when 110 is divided by s(m).
26
Suppose -2*n = -j - 288, -2*n - n - 4*j + 432 = 0. Let p = -84 + n. Calculate the remainder when ((15/(-9))/(-5))/(1/p) is divided by 12.
8
Suppose 4*g + 3*r - 5*r - 484 = 0, -115 = -g + 2*r. Suppose 0 = 6*b + 27 - g. Calculate the remainder when 157 is divided by b.
13
Suppose 4*y + 6 = 5*k, 0 - 1 = 5*y - 3*k. Let v = 18 - y. Suppose 13*i + 196 = v*i. Calculate the remainder when 93 is divided by i.
44
Suppose 14*v + 13092 - 34312 - 12492 = 0. Calculate the remainder when v is divided by 19.
14
Let m = -6739 + 6752. Calculate the remainder when 315 is divided by m.
3
Let t = 12664 - 12645. What is the remainder when 19967 is divided by t?
17
Let r = -4 + 55. Let j be (-10)/2 - (-15 - -8).